ided by 9348?
11
What is the remainder when 10963 is divided by 1467?
694
Calculate the remainder when 28830 is divided by 1067.
21
Calculate the remainder when 5074 is divided by 1668.
70
What is the remainder when 107223 is divided by 57?
6
Calculate the remainder when 2083 is divided by 75.
58
What is the remainder when 7751 is divided by 29?
8
Calculate the remainder when 3604 is divided by 2300.
1304
Calculate the remainder when 1781 is divided by 328.
141
What is the remainder when 2471 is divided by 619?
614
Calculate the remainder when 1366 is divided by 402.
160
What is the remainder when 471 is divided by 436?
35
What is the remainder when 13542 is divided by 18?
6
What is the remainder when 16874 is divided by 25?
24
What is the remainder when 30162 is divided by 30156?
6
Calculate the remainder when 54122 is divided by 37.
28
Calculate the remainder when 2563 is divided by 264.
187
Calculate the remainder when 7664 is divided by 3817.
30
Calculate the remainder when 15279 is divided by 16.
15
Calculate the remainder when 117300 is divided by 66.
18
What is the remainder when 20246 is divided by 115?
6
Calculate the remainder when 2063 is divided by 636.
155
Calculate the remainder when 30534 is divided by 15178.
178
What is the remainder when 308 is divided by 239?
69
Calculate the remainder when 698 is divided by 105.
68
What is the remainder when 608 is divided by 49?
20
Calculate the remainder when 48266 is divided by 24116.
34
What is the remainder when 79669 is divided by 155?
154
What is the remainder when 581 is divided by 85?
71
Calculate the remainder when 1752 is divided by 231.
135
Calculate the remainder when 180785 is divided by 339.
98
What is the remainder when 54299 is divided by 13574?
3
Calculate the remainder when 25172 is divided by 13.
4
Calculate the remainder when 322585 is divided by 9.
7
What is the remainder when 10185 is divided by 1452?
21
What is the remainder when 2307 is divided by 2144?
163
Calculate the remainder when 505048 is divided by 74.
72
What is the remainder when 1694 is divided by 80?
14
Calculate the remainder when 2672 is divided by 117.
98
Calculate the remainder when 883076 is divided by 1338.
1334
Calculate the remainder when 13222 is divided by 13219.
3
Calculate the remainder when 10285 is divided by 10171.
114
What is the remainder when 353664 is divided by 454?
452
Calculate the remainder when 442 is divided by 89.
86
Calculate the remainder when 5000 is divided by 794.
236
Calculate the remainder when 379159 is divided by 106.
103
What is the remainder when 123579 is divided by 41192?
3
What is the remainder when 56023 is divided by 30?
13
Calculate the remainder when 19782 is divided by 1648.
6
What is the remainder when 43032 is divided by 8596?
52
What is the remainder when 3787 is divided by 46?
15
What is the remainder when 105139 is divided by 10?
9
What is the remainder when 511 is divided by 78?
43
Calculate the remainder when 135792 is divided by 310.
12
Calculate the remainder when 35884 is divided by 5972.
52
What is the remainder when 3248 is divided by 923?
479
What is the remainder when 9465 is divided by 1031?
186
What is the remainder when 1951 is divided by 110?
81
Calculate the remainder when 54619 is divided by 575.
569
Calculate the remainder when 4082 is divided by 12.
2
Calculate the remainder when 53404 is divided by 27.
25
What is the remainder when 294 is divided by 43?
36
Calculate the remainder when 968562 is divided by 428.
426
What is the remainder when 6665 is divided by 171?
167
Calculate the remainder when 203158 is divided by 11.
10
Calculate the remainder when 297346 is divided by 257.
254
Calculate the remainder when 5790 is divided by 361.
14
What is the remainder when 3816 is divided by 766?
752
What is the remainder when 139792 is divided by 341?
323
Calculate the remainder when 30928 is divided by 373.
342
What is the remainder when 543 is divided by 149?
96
Calculate the remainder when 10854 is divided by 95.
24
What is the remainder when 1128 is divided by 405?
318
Calculate the remainder when 14575 is divided by 27.
22
What is the remainder when 82441 is divided by 20608?
9
Calculate the remainder when 2966 is divided by 270.
266
Calculate the remainder when 11500 is divided by 50.
0
What is the remainder when 25299 is divided by 947?
677
What is the remainder when 55917 is divided by 31?
24
Calculate the remainder when 48107 is divided by 79.
75
What is the remainder when 10523 is divided by 747?
65
Calculate the remainder when 38658 is divided by 1878.
1098
Calculate the remainder when 19527 is divided by 526.
65
What is the remainder when 3203 is divided by 260?
83
Calculate the remainder when 218665 is divided by 197.
192
Calculate the remainder when 5943 is divided by 310.
53
What is the remainder when 33275 is divided by 828?
155
What is the remainder when 768 is divided by 339?
90
What is the remainder when 3035 is divided by 1044?
947
Calculate the remainder when 107711 is divided by 433.
327
What is the remainder when 88682 is divided by 44319?
44
Calculate the remainder when 315479 is divided by 30.
29
What is the remainder when 12425 is divided by 30?
5
Calculate the remainder when 176650 is divided by 22.
12
What is the remainder when 97584 is divided by 37?
15
What is the remainder when 84406 is divided by 16880?
6
What is the remainder when 46172 is divided by 51?
17
Calculate the remainder when 29139 is divided by 3263.
3035
Calculate the remainder when 531662 is divided by 790.
782
What is the remainder when 5797 is divided by 5392?
405
What is the remainder when 13605 is divided by 42?
39
What is the remainder when 304004 is divided by 301?
295
Calculate the remainder when 177877 is divided by 8.
5
What is the remainder when 468041 is divided by 1414?
7
What is the remainder when 63495 is divided by 21147?
54
What is the remainder when 156339 is divided by 16?
3
Calculate the remainder when 22799 is divided by 120.
119
What is the remainder when 1497 is divided by 257?
212
Calculate the remainder when 280918 is divided by 20.
18
Calculate the remainder when 6889 is divided by 1721.
5
What is the remainder when 18483 is divided by 10?
3
What is the remainder when 339077 is divided by 13?
11
Calculate the remainder when 4413 is divided by 4367.
46
Calculate the remainder when 13208 is divided by 294.
272
Calculate the remainder when 407359 is divided by 1026.
37
What is the remainder when 71693 is divided by 65?
63
What is the remainder when 61642 is divided by 15354?
226
Calculate the remainder when 751270 is divided by 187814.
14
What is the remainder when 3982 is divided by 1991?
0
Calculate the remainder when 34146 is divided by 2322.
1638
What is the remainder when 13102 is divided by 2?
0
Calculate the remainder when 149289 is divided by 269.
263
What is the remainder when 1945 is divided by 719?
507
Calculate the remainder when 4786 is divided by 3728.
1058
Calculate the remainder when 621 is divided by 518.
103
Calculate the remainder when 9482 is divided by 53.
48
What is the remainder when 1413 is divided by 702?
9
Calculate the remainder when 183686 is divided by 385.
41
Calculate the remainder when 46097 is divided by 389.
195
Calculate the remainder when 5446 is divided by 96.
70
What is the remainder when 4662 is divided by 30?
12
What is the remainder when 1065 is divided by 54?
39
Calculate the remainder when 1975 is divided by 741.
493
What is the remainder when 5067 is divided by 176?
139
Calculate the remainder when 10660 is divided by 10619.
41
Calculate the remainder when 167173 is divided by 133.
125
Calculate the remainder when 1217 is divided by 5.
2
Calculate the remainder when 255994 is divided by 171.
7
Calculate the remainder when 90739 is divided by 375.
364
Calculate the remainder when 90343 is divided by 167.
163
Calculate the remainder when 83009 is divided by 411.
398
Calculate the remainder when 944 is divided by 179.
49
Calculate the remainder when 3755 is divided by 11.
4
What is the remainder when 1486 is divided by 580?
326
Calculate the remainder when 87752 is divided by 14625.
2
What is the remainder when 133665 is divided by 13?
12
What is the remainder when 145693 is divided by